3 + 41*g**2 + 91*g + 3784. What is w(-41)?
53
Let j(g) = -359*g + 9276. Calculate j(27).
-417
Let j(c) = 3*c**2 - 673*c + 19292. What is j(34)?
-122
Let w(r) = 161*r - 1802. Calculate w(10).
-192
Let v(x) = -2*x**2 + 988*x - 121202. What is v(227)?
16
Let m(j) = j**3 - 662*j**2 + 17157*j + 94. Give m(27).
418
Let c(n) = 57232*n + 57233. What is c(-1)?
1
Let y(c) = 63402*c - 190270. Determine y(3).
-64
Let w(l) = 2*l**3 + 166*l**2 - 123*l + 3758. Give w(-84).
-22
Let f(o) = -468*o - 48003. Give f(-102).
-267
Let o(v) = -651*v**2 + 21476*v + 23. What is o(33)?
-208
Let f(y) = -198*y + 20880. Determine f(104).
288
Let o(f) = -875*f + 26235. Give o(29).
860
Let z(l) = 5542*l - 126652. What is z(23)?
814
Let l(c) = -c**3 - 13*c**2 + 103601*c + 1450286. Determine l(-14).
68
Let s(n) = 19*n**3 - 7106*n**2 + n + 401. Give s(374).
775
Let y(a) = a**3 - 19*a**2 - 47*a - 31. What is y(-2)?
-21
Let i(a) = -3*a**2 - 319*a - 6183. Calculate i(-82).
-197
Let r(c) = -5*c**3 - 27*c**2 + 2344*c + 11741. What is r(-5)?
-29
Let g(n) = -5265*n + 267835. What is g(51)?
-680
Let m(a) = 25188*a - 730475. Determine m(29).
-23
Let a(z) = -2*z**3 - 34*z**2 - 174*z - 326. Calculate a(-9).
-56
Let v(k) = 8148*k + 114085. What is v(-14)?
13
Let s(d) = 9*d**2 - 708*d - 28. What is s(0)?
-28
Let x(s) = -44*s + 377. Calculate x(-11).
861
Let c(r) = -3*r**3 + 247*r**2 + 138*r + 2194. What is c(83)?
-130
Let i(l) = -9647*l + 96449. Calculate i(10).
-21
Let q(i) = -17*i**3 + 227*i**2 - 686*i + 1. Give q(3).
-473
Let w(j) = 14*j**2 - 1142*j - 2329. What is w(-2)?
11
Let v(p) = p**3 - 26*p**2 + 415*p - 10787. Calculate v(26).
3
Let q(x) = 115*x - 8385. Determine q(71).
-220
Let f(a) = 14268*a + 85573. What is f(-6)?
-35
Let k(p) = 90*p**3 + 376*p**2 - 39*p - 129. What is k(-4)?
283
Let h(w) = -w**2 + 2336*w - 530551. Give h(255).
104
Let x(u) = 4*u**3 + 4*u**2 + 945*u + 9. Give x(0).
9
Let j(h) = h**3 + 19*h**2 + 17415*h + 313111. Determine j(-18).
-35
Let i(u) = 8*u**2 + 96*u - 34. What is i(-10)?
-194
Let m(v) = -70032*v - 2030945. Calculate m(-29).
-17
Let q(l) = -362*l + 22064. Calculate q(61).
-18
Let y(c) = -255*c - 49916. What is y(-196)?
64
Let b(t) = -5*t**3 - 2299*t**2 + 21570*t - 1833. What is b(-469)?
43
Let p(n) = n**3 - 12*n**2 - 208*n + 2144. Calculate p(17).
53
Let l(z) = -36536*z + 182931. Calculate l(5).
251
Let d(n) = -1125*n**2 - 9023*n + 32. Determine d(-8).
216
Let g(c) = 21952*c + 550591. Determine g(-25).
1791
Let a(v) = -v**2 + 641*v + 118642. What is a(-150)?
-8
Let n(v) = 332477*v - 3989734. Calculate n(12).
-10
Let b(m) = m**2 - 21*m - 360. Calculate b(34).
82
Let b(s) = 1402*s - 76. Calculate b(1).
1326
Let d(j) = 5*j**2 - 105*j - 364. Give d(-5).
286
Let x(y) = 2*y**3 - 21*y**2 - 1328*y + 2050. What is x(-22)?
-194
Let g(f) = f**3 + 55*f**2 - 85*f - 206. What is g(-57)?
-1859
Let k(d) = 2*d**3 - 156*d**2 + 2335*d - 310. What is k(20)?
-10
Let h(s) = 35949*s - 2480476. Determine h(69).
5
Let z(f) = -f**3 + 114*f**2 - 14*f + 1322. What is z(114)?
-274
Let q(d) = 5*d**3 + 306*d**2 + 633*d - 984. Calculate q(-59).
-40
Let d(y) = y**2 - 3396*y + 110989. Calculate d(33).
10
Let k(w) = 8377*w + 2580127. Give k(-308).
11
Let k(p) = p**3 + 24*p**2 - 1223*p - 167. Give k(-49).
-265
Let i(z) = 599*z + 40358. Calculate i(-67).
225
Let t(h) = 55*h**3 - 272*h**2 + 225*h + 6. Give t(4).
74
Let w(n) = n**3 + 95*n**2 - 1808*n - 3591. Give w(-111).
-39
Let y(l) = -l**2 + 38556*l + 5. Give y(0).
5
Let n(j) = 11*j**2 + 2680*j + 1038. Give n(-243).
-663
Let d(c) = -14*c**3 - 9*c**2 + 196*c + 422. Give d(-2).
106
Let j(l) = 16*l + 494. Give j(19).
798
Let z(v) = -2*v**3 + 182*v**2 + 855*v - 77786. Determine z(91).
19
Let c(o) = -11*o**2 - 11086*o + 159464. Determine c(-1022).
32
Let b(h) = 20506*h + 123036. Determine b(-6).
0
Let u(t) = t**3 - 164*t**2 + 1026*t - 12398. What is u(158)?
-74
Let h(z) = z**3 - 23*z**2 - 8*z + 147. Calculate h(23).
-37
Let b(h) = 2*h**3 - 9*h**2 - 1337*h + 8126. Calculate b(6).
212
Let p(u) = -11803*u + 224237. What is p(19)?
-20
Let t(j) = 114*j**2 - 277*j - 15. Determine t(5).
1450
Let r(u) = -u**2 - 3808*u - 60727. What is r(-16)?
-55
Let d(q) = 5*q**3 + 62*q**2 + 213*q + 140. Calculate d(-6).
14
Let x(m) = -7*m**2 + 7798*m + 62375. Determine x(-8).
-457
Let j(p) = -25*p**3 - 4*p**2 - 6*p + 74. Give j(-5).
3129
Let o(u) = -637*u + 19809. Calculate o(31).
62
Let q(g) = 1603*g + 2984. Calculate q(-3).
-1825
Let n(g) = -13*g**3 - 688*g**2 + 713*g + 35011. Give n(-53).
31
Let z(y) = -32*y**2 + 2164*y - 161. Calculate z(68).
-977
Let t(r) = 1883*r - 14619. Determine t(11).
6094
Let o(a) = 4676*a + 2. What is o(0)?
2
Let k(x) = -x**2 - 10884*x + 932357. What is k(85)?
-8
Let b(o) = o**2 + 322427*o + 2901760. Determine b(-9).
-2
Let j(i) = -3*i**2 + 5988*i - 106814. Determine j(18).
-2
Let p(o) = -1366*o - 975. What is p(-1)?
391
Let s(m) = 3596*m + 169198. Give s(-47).
186
Let g(d) = -d**3 + 286*d**2 + 600*d - 6900. Give g(288).
12
Let q(w) = 356411*w + 712812. Determine q(-2).
-10
Let c(d) = d**3 + 9490*d**2 - 142569*d - 85. Give c(15).
5
Let c(x) = 7*x**3 + 3*x**2 - 230*x - 297. Determine c(8).
1639
Let a(g) = -58*g**2 + 184*g + 231. Give a(-1).
-11
Let o(n) = -5706*n - 5994. Calculate o(-1).
-288
Let w(r) = -r**3 - 42*r**2 - 369*r - 26. Determine w(-26).
-1248
Let r(q) = 3*q**2 - 878*q + 27814. Give r(36).
94
Let p(i) = 2*i**3 - 382*i**2 + 82*i - 16213. What is p(191)?
-551
Let a(s) = -s**2 + 248*s + 17118. Give a(295).
3253
Let u(x) = -x**3 + 22*x**2 + 803*x - 66. Give u(41).
918
Let p(o) = o**3 + 443*o**2 - 29*o - 75. Give p(0).
-75
Let t(m) = -89312*m - 446537. Give t(-5).
23
Let s(i) = i**2 - 2364*i - 83963. Determine s(-35).
2
Let b(i) = i**3 - 481*i**2 + 6084*i + 720. Determine b(468).
720
Let l(b) = b**3 - 110*b**2 - 260*b + 4195. Give l(112).
163
Let c(v) = 950*v + 16467. Give c(-17).
317
Let j(k) = 108772*k - 1196525. What is j(11)?
-33
Let d(y) = 36*y**2 - 10958*y + 32550. Give d(3).
0
Let o(j) = 2*j**2 - 101*j + 651. Determine o(43).
6
Let r(k) = 886*k - 8317. What is r(10)?
543
Let s(a) = a**3 - 18*a**2 + 17*a + 138. Calculate s(20).
1278
Let x(o) = -7631*o + 4311523. Determine x(565).
8
Let r(w) = w**2 + 111748*w + 1340829. What is r(-12)?
-3
Let r(m) = 3*m**3 - 9*m**2 - 79*m - 328. Calculate r(8).
0
Let g(z) = -3*z**3 + 30*z**2 - 68*z + 6. Calculate g(8).
-154
Let g(m) = -23*m**3 - 70*m**2 + 47*m + 118. What is g(-1)?
24
Let p(w) = -315765*w - 3157658. Give p(-10).
-8
Let d(p) = -7*p**2 - 1377*p - 4085. Determine d(-3).
-17
Let k(h) = -998*h - 48912. Give k(-49).
-10
Let m(z) = 877*z + 9656. What is m(-11)?
9
Let z(j) = -10*j**3 + 54*j**2 + 8*j + 83. What is z(6)?
-85
Let s(m) = -15*m**2 - 89*m - 3. What is s(-3)?
129
Let b(q) = -6*q**2 - 257*q + 915. What is b(4)?
-209
Let i(a) = a**3 - 15*a**2 - 554*a - 2775. Give i(-7).
25
Let a(n) = 4*n - 136. Calculate a(-81).
-460
Let u(i) = -2408*i - 68238. Give u(-28).
-814
Let k(n) = -1905*n - 53375. Give k(-28).
-35
Let d(s) = 791*s - 11066. Give d(14).
8
Let j(q) = 1010*q + 28276. Give j(-28).
-4
Let w(f) = 8*f**2 - 145*f - 305. Calculate w(20).
-5
Let g(d) = -1085*d + 90031. What is g(83)?
-24
Let j(y) = -12*y**2 - 2047*y - 717. Determine j(-170).
473
Let o(a) = -a**3 + 402*a**2 - 422*a + 169309. Determine o(402).
-335
Let o(x) = -542*x + 364231. Determine o(672).
7
Let p(v) = 25*v**2 - 221*v + 26. Determine p(11).
620
Let d(n) = n**2 + 658*n + 31765. Calculate d(-53).
-300
Let g(v) = -125*v**2 + 333*v + 333. What is g(-1)?
-125
Let m(f) = f**3 + 52*f**2 + 96*f + 61. Give m(-50).
261
Let l(j) = j**3 + 231*j**2 + 2330*j + 170678. Determine l(-224).
-10
Let f(v) = v**3 - 178*v**2 + 519*v + 1288. Calculate f(175).
238
Let g(v) = v**3 - 15*v**2 - 408*v + 5897. What is g(14)?
-11
Let v(d) = 2*d**2 + 3165*d + 47149. Calculate v(-15).
124
Let h(s) = -3*s**2 + 521*s - 16369. Give h(41).
-51
Let g(j) = -j**3 - 1359*j**2 - 3*j - 112. Calculate g(0).
-112
Let w(h) = 1057*h - 1095. Calculate w(1).
-38
Let l(h) = -10*h - 879. What is l(-85)?
-29
Let w(v) = 1913523*v - 7654077. Determine w(4).
15
Let l(m) = 11*m**2 - 913*m - 9114. What is l(92)?
-6
Let k(d) = -159*d - 226. Determine k(2).
-544
Let i(y) = 102*y**3 + 15*y**2 - 36*y + 24. Determine i(1).
105
Let s(t) = -t**3 + 117*t**2 + 19787*t 